{"id":1436,"date":"2024-11-28T08:19:19","date_gmt":"2024-11-28T08:19:19","guid":{"rendered":"https:\/\/fpbonline.es\/marcos\/?page_id=1436"},"modified":"2024-12-17T13:05:08","modified_gmt":"2024-12-17T13:05:08","slug":"aviso-legal-2","status":"publish","type":"page","link":"https:\/\/bendicionyesperanza.es\/?page_id=1436","title":{"rendered":"Aviso Legal"},"content":{"rendered":"\t\t<div data-elementor-type=\"wp-page\" data-elementor-id=\"1436\" class=\"elementor elementor-1436\" data-elementor-post-type=\"page\">\n\t\t\t\t<div class=\"elementor-element elementor-element-50267ff e-flex e-con-boxed e-con e-parent\" data-id=\"50267ff\" data-element_type=\"container\" data-e-type=\"container\">\n\t\t\t\t\t<div class=\"e-con-inner\">\n\t\t\t\t<div class=\"elementor-element elementor-element-af6c525 elementor-widget elementor-widget-spacer\" data-id=\"af6c525\" data-element_type=\"widget\" data-e-type=\"widget\" data-widget_type=\"spacer.default\">\n\t\t\t\t\t\t\t<div class=\"elementor-spacer\">\n\t\t\t<div class=\"elementor-spacer-inner\"><\/div>\n\t\t<\/div>\n\t\t\t\t\t\t<\/div>\n\t\t\t\t\t<\/div>\n\t\t\t\t<\/div>\n\t\t<div class=\"elementor-element elementor-element-932abfc e-con-full e-flex e-con e-parent\" data-id=\"932abfc\" data-element_type=\"container\" data-e-type=\"container\">\n\t\t\t\t<div class=\"elementor-element elementor-element-2ad149d elementor-widget elementor-widget-text-editor\" data-id=\"2ad149d\" data-element_type=\"widget\" data-e-type=\"widget\" data-widget_type=\"text-editor.default\">\n\t\t\t\t\t\t\t\t\t<p>1.- ACEPTACI\u00d3N DE LOS T\u00c9RMINOS DE USO<br \/><span style=\"color: #000000;\">La visita o acceso a este sitio web exige la aceptaci\u00f3n de los t\u00e9rminos de uso del mismo que en cada momento se encuentren vigentes en esta direcci\u00f3n. En caso de que no est\u00e9 de acuerdo con los t\u00e9rminos y condiciones descritos a continuaci\u00f3n, el usuario debe abstenerse de utilizar esta p\u00e1gina web y todos sus servicios relacionados con ella.<\/span><\/p><p><span style=\"color: #000000;\"><strong>2.- SOBRE LA WEB<\/strong><\/span><br \/><span style=\"color: #000000;\">En cumplimiento con el deber de informaci\u00f3n recogido en el art\u00edculo 10 de la Ley 34\/2002, de 11 de julio, de Servicios de la Sociedad de la Informaci\u00f3n y del Comercio Electr\u00f3nico, a continuaci\u00f3n se declara el sitio web gestionado por <strong>Hermandad de Bendici\u00f3n y Esperanza<\/strong> con domicilio en <strong>C. Padre Jos\u00e9 Sebasti\u00e1n Bandar\u00e1n<\/strong> y correo electr\u00f3nico <strong><a style=\"color: #000000;\" rel=\"noopener\">bendicionyesperanza@gmail.com<\/a><\/strong>.<\/span><\/p><p><span style=\"color: #000000;\"><strong>3.- RESPONSABILIDADES<\/strong><\/span><br \/><span style=\"color: #000000;\">Toda persona que acceda a este sitio web asume el papel de USUARIO, comprometi\u00e9ndose a la observancia y cumplimiento riguroso de las disposiciones aqu\u00ed dispuestas, as\u00ed como a cualquier otra disposici\u00f3n legal que fuera de aplicaci\u00f3n por la legislaci\u00f3n vigente.<\/span><\/p><p><span style=\"color: #000000;\">La <strong>Hermandad de Bendici\u00f3n y Esperanza<\/strong> se exime de cualquier tipo de responsabilidad derivada de la informaci\u00f3n publicada en su sitio web y por la falta de disponibilidad (ca\u00eddas) del sitio, que efectuar\u00e1 adem\u00e1s paradas peri\u00f3dicas por mantenimientos t\u00e9cnicos. Asimismo, se reserva el derecho a modificar cualquier tipo de informaci\u00f3n que pudiera aparecer en el sitio web, sin obligaci\u00f3n de aviso previo a los usuarios.<\/span><\/p><p><span style=\"color: #000000;\">El uso de la presente p\u00e1gina web es completamente bajo su cuenta y riesgo, salvo aquellos casos que estipule la legislaci\u00f3n vigente.<\/span><\/p><p><span style=\"color: #000000;\"><strong>4.- POL\u00cdTICA DE COOKIES<\/strong><\/span><br \/><span style=\"color: #000000;\">El sitio web puede utilizar cookies (peque\u00f1os archivos de texto que el servidor env\u00eda al ordenador de quien accede a la p\u00e1gina). Las cookies tienen car\u00e1cter temporal y su finalidad es hacer m\u00e1s eficaz la transmisi\u00f3n de datos. No se utilizar\u00e1n cookies para recoger informaci\u00f3n personal de los visitantes.<\/span><\/p><p><span style=\"color: #000000;\">Se recomienda revisar la pol\u00edtica de cookies regularmente, ya que podr\u00eda actualizarse en cualquier momento.<\/span><\/p><p><span style=\"color: #000000;\"><strong>5.- LICENCIA DE USO<\/strong><\/span><br \/><span style=\"color: #000000;\">Toda la informaci\u00f3n contenida en esta p\u00e1gina web est\u00e1 protegida por copyright. Queda prohibida la reproducci\u00f3n total o parcial de los contenidos sin el consentimiento expreso de la <strong>Hermandad de Bendici\u00f3n y Esperanza<\/strong>.<\/span><\/p><p><span style=\"color: #000000;\"><strong>6.- PROTECCI\u00d3N DE DATOS<\/strong><\/span><br \/><span style=\"color: #000000;\">En cumplimiento de la Ley Org\u00e1nica 15\/1999, de 13 de diciembre, de Protecci\u00f3n de Datos de Car\u00e1cter Personal, te informamos que al rellenar formularios de esta web, das tu consentimiento para que tus datos personales sean tratados y gestionados por la <strong>Hermandad de Bendici\u00f3n y Esperanza<\/strong>, con el objetivo de gestionar solicitudes y comunicaciones.<\/span><\/p><p><span style=\"color: #000000;\">Los datos no ser\u00e1n cedidos a terceros y podr\u00e1s ejercer tus derechos de acceso, rectificaci\u00f3n, cancelaci\u00f3n u oposici\u00f3n contactando con nosotros a trav\u00e9s de nuestro correo electr\u00f3nico <strong><a style=\"color: #000000;\" rel=\"noopener\">bendicionyesperanza@gmail.com<\/a><\/strong> o llamando al <strong>633208520<\/strong>.<\/span><\/p><p><span style=\"color: #000000;\"><strong>7.- POL\u00cdTICA ANTI-SPAM<\/strong><\/span><br \/><span style=\"color: #000000;\">La <strong>Hermandad de Bendici\u00f3n y Esperanza<\/strong> est\u00e1 en contra del env\u00edo de comunicaciones comerciales no solicitadas y se compromete a combatir estas pr\u00e1cticas abusivas.<\/span><\/p><p><span style=\"color: #000000;\"><strong>8.- ALOJAMIENTO DE DATOS<\/strong><\/span><br \/><span style=\"color: #000000;\">Por razones t\u00e9cnicas y de calidad de servicio, esta p\u00e1gina web est\u00e1 alojada en servidores externos, gestionados conforme a la normativa vigente.<\/span><\/p><p><span style=\"color: #000000;\"><strong>9.- LEY APLICABLE Y JURISDICCI\u00d3N<\/strong><\/span><br \/><span style=\"color: #000000;\">Para la resoluci\u00f3n de cualquier controversia relacionada con este sitio web, ser\u00e1 de aplicaci\u00f3n la legislaci\u00f3n espa\u00f1ola.<\/span><\/p>\t\t\t\t\t\t\t\t<\/div>\n\t\t\t\t<\/div>\n\t\t\t\t<\/div>\n\t\t","protected":false},"excerpt":{"rendered":"<p>1.- ACEPTACI\u00d3N DE LOS T\u00c9RMINOS DE USOLa visita o acceso a este sitio web exige la aceptaci\u00f3n de los t\u00e9rminos [&hellip;]<\/p>\n","protected":false},"author":1,"featured_media":0,"parent":0,"menu_order":0,"comment_status":"closed","ping_status":"closed","template":"","meta":{"site-sidebar-layout":"no-sidebar","site-content-layout":"","ast-site-content-layout":"full-width-container","site-content-style":"default","site-sidebar-style":"default","ast-global-header-display":"","ast-banner-title-visibility":"","ast-main-header-display":"","ast-hfb-above-header-display":"","ast-hfb-below-header-display":"","ast-hfb-mobile-header-display":"","site-post-title":"disabled","ast-breadcrumbs-content":"","ast-featured-img":"disabled","footer-sml-layout":"","ast-disable-related-posts":"","theme-transparent-header-meta":"","adv-header-id-meta":"","stick-header-meta":"","header-above-stick-meta":"","header-main-stick-meta":"","header-below-stick-meta":"","astra-migrate-meta-layouts":"default","ast-page-background-enabled":"default","ast-page-background-meta":{"desktop":{"background-color":"var(--ast-global-color-4)","background-image":"","background-repeat":"repeat","background-position":"center center","background-size":"auto","background-attachment":"scroll","background-type":"","background-media":"","overlay-type":"","overlay-color":"","overlay-opacity":"","overlay-gradient":""},"tablet":{"background-color":"","background-image":"","background-repeat":"repeat","background-position":"center center","background-size":"auto","background-attachment":"scroll","background-type":"","background-media":"","overlay-type":"","overlay-color":"","overlay-opacity":"","overlay-gradient":""},"mobile":{"background-color":"","background-image":"","background-repeat":"repeat","background-position":"center center","background-size":"auto","background-attachment":"scroll","background-type":"","background-media":"","overlay-type":"","overlay-color":"","overlay-opacity":"","overlay-gradient":""}},"ast-content-background-meta":{"desktop":{"background-color":"var(--ast-global-color-5)","background-image":"","background-repeat":"repeat","background-position":"center center","background-size":"auto","background-attachment":"scroll","background-type":"","background-media":"","overlay-type":"","overlay-color":"","overlay-opacity":"","overlay-gradient":""},"tablet":{"background-color":"var(--ast-global-color-5)","background-image":"","background-repeat":"repeat","background-position":"center center","background-size":"auto","background-attachment":"scroll","background-type":"","background-media":"","overlay-type":"","overlay-color":"","overlay-opacity":"","overlay-gradient":""},"mobile":{"background-color":"var(--ast-global-color-5)","background-image":"","background-repeat":"repeat","background-position":"center center","background-size":"auto","background-attachment":"scroll","background-type":"","background-media":"","overlay-type":"","overlay-color":"","overlay-opacity":"","overlay-gradient":""}},"footnotes":""},"class_list":["post-1436","page","type-page","status-publish","hentry"],"_links":{"self":[{"href":"https:\/\/bendicionyesperanza.es\/index.php?rest_route=\/wp\/v2\/pages\/1436","targetHints":{"allow":["GET"]}}],"collection":[{"href":"https:\/\/bendicionyesperanza.es\/index.php?rest_route=\/wp\/v2\/pages"}],"about":[{"href":"https:\/\/bendicionyesperanza.es\/index.php?rest_route=\/wp\/v2\/types\/page"}],"author":[{"embeddable":true,"href":"https:\/\/bendicionyesperanza.es\/index.php?rest_route=\/wp\/v2\/users\/1"}],"replies":[{"embeddable":true,"href":"https:\/\/bendicionyesperanza.es\/index.php?rest_route=%2Fwp%2Fv2%2Fcomments&post=1436"}],"version-history":[{"count":13,"href":"https:\/\/bendicionyesperanza.es\/index.php?rest_route=\/wp\/v2\/pages\/1436\/revisions"}],"predecessor-version":[{"id":2982,"href":"https:\/\/bendicionyesperanza.es\/index.php?rest_route=\/wp\/v2\/pages\/1436\/revisions\/2982"}],"wp:attachment":[{"href":"https:\/\/bendicionyesperanza.es\/index.php?rest_route=%2Fwp%2Fv2%2Fmedia&parent=1436"}],"curies":[{"name":"wp","href":"https:\/\/api.w.org\/{rel}","templated":true}]}}