{"id":1438,"date":"2024-11-28T08:19:47","date_gmt":"2024-11-28T08:19:47","guid":{"rendered":"https:\/\/fpbonline.es\/marcos\/?page_id=1438"},"modified":"2024-12-17T13:03:40","modified_gmt":"2024-12-17T13:03:40","slug":"politica-de-privacidad-2","status":"publish","type":"page","link":"https:\/\/bendicionyesperanza.es\/?page_id=1438","title":{"rendered":"Pol\u00edtica de Privacidad"},"content":{"rendered":"\t\t<div data-elementor-type=\"wp-page\" data-elementor-id=\"1438\" class=\"elementor elementor-1438\" data-elementor-post-type=\"page\">\n\t\t\t\t<div class=\"elementor-element elementor-element-1c2a2de e-con-full e-flex e-con e-parent\" data-id=\"1c2a2de\" data-element_type=\"container\" data-e-type=\"container\">\n\t\t\t\t<div class=\"elementor-element elementor-element-3c38b5e elementor-widget elementor-widget-text-editor\" data-id=\"3c38b5e\" data-element_type=\"widget\" data-e-type=\"widget\" data-widget_type=\"text-editor.default\">\n\t\t\t\t\t\t\t\t\t<h2>\u00a0<\/h2><h3><span style=\"color: #000000;\"><strong>Informaci\u00f3n de la Hermandad<\/strong><\/span><\/h3><ul><li><span style=\"color: #000000;\"><strong>Denominaci\u00f3n Social<\/strong>: Hermandad Salesiana y Cofrad\u00eda de Nazarenos de Nuestro Padre Jes\u00fas de la Bendici\u00f3n en el Santo Encuentro con Santa Mar\u00eda de la Esperanza en su Soledad y Nuestra Se\u00f1ora de la Humildad y Caridad, Sal y Luz.<\/span><\/li><li><span style=\"color: #000000;\"><strong>Nombre Popular<\/strong>: Hermandad de Bendici\u00f3n y Esperanza<\/span><\/li><li><span style=\"color: #000000;\"><strong>Domicilio Social<\/strong>: C. Padre Jos\u00e9 Sebasti\u00e1n Bandar\u00e1n<\/span><\/li><li><span style=\"color: #000000;\"><strong>CIF\/NIF<\/strong>:\u00a0<\/span><\/li><li><span style=\"color: #000000;\"><strong>Tel\u00e9fono<\/strong>: 633208520<\/span><\/li><li><span style=\"color: #000000;\"><strong>Correo Electr\u00f3nico<\/strong>: <a style=\"color: #000000;\" rel=\"noopener\">bendicionyesperanza@gmail.com<\/a><\/span><\/li><li><span style=\"color: #000000;\"><strong>Inscripci\u00f3n en el Registro<\/strong>:\u00a0<\/span><\/li><li><span style=\"color: #000000;\"><strong>Nombre de dominio<\/strong>:\u00a0<\/span><\/li><\/ul><p><span style=\"color: #000000;\">De conformidad con lo dispuesto en la Ley Org\u00e1nica 15\/1999 de Protecci\u00f3n de Datos de Car\u00e1cter Personal (LOPD) y su normativa de desarrollo, el responsable del sitio web, en cumplimiento de lo dispuesto en los art\u00edculos 5 y 6 de la LOPD, informa a todos los usuarios del sitio web que faciliten o vayan a facilitar sus datos personales, que estos ser\u00e1n incorporados en un fichero automatizado debidamente inscrito en la Agencia Espa\u00f1ola de Protecci\u00f3n de Datos.<\/span><\/p><p><span style=\"color: #000000;\"><strong>Finalidades del tratamiento de datos personales:<\/strong><\/span><\/p><ol><li><p><span style=\"color: #000000;\"><strong>Remisi\u00f3n de comunicaciones comerciales<\/strong>:<\/span><br \/><span style=\"color: #000000;\">Enviar comunicaciones comerciales publicitarias por e-mail, SMS, redes sociales u otros medios electr\u00f3nicos o f\u00edsicos relacionados con productos o servicios ofrecidos por la Hermandad o sus colaboradores. En ning\u00fan caso los terceros tendr\u00e1n acceso a los datos personales sin consentimiento previo.<\/span><\/p><\/li><li><p><span style=\"color: #000000;\"><strong>Estudios estad\u00edsticos<\/strong>:<\/span><br \/><span style=\"color: #000000;\">Realizar an\u00e1lisis estad\u00edsticos para mejorar nuestros servicios.<\/span><\/p><\/li><li><p><span style=\"color: #000000;\"><strong>Gesti\u00f3n de solicitudes<\/strong>:<\/span><br \/><span style=\"color: #000000;\">Tramitar encargos, solicitudes o cualquier tipo de petici\u00f3n realizada por el usuario a trav\u00e9s de los canales de contacto disponibles.<\/span><\/p><\/li><li><p><span style=\"color: #000000;\"><strong>Env\u00edo de boletines informativos<\/strong>:<\/span><br \/><span style=\"color: #000000;\">Remitir el bolet\u00edn de noticias relacionado con las actividades de la Hermandad.<\/span><\/p><\/li><\/ol><h3><span style=\"color: #000000;\"><strong>Derechos de los usuarios<\/strong><\/span><\/h3><p><span style=\"color: #000000;\">La Hermandad garantiza el ejercicio de los derechos de acceso, rectificaci\u00f3n, cancelaci\u00f3n y oposici\u00f3n (ARCO), conforme a la legislaci\u00f3n vigente. Los usuarios pueden ejercer estos derechos enviando una solicitud escrita, acompa\u00f1ada de una copia de su DNI, a trav\u00e9s de los siguientes medios:<\/span><\/p><ul><li><span style=\"color: #000000;\"><strong>Correo electr\u00f3nico<\/strong>: <a style=\"color: #000000;\" rel=\"noopener\">bendicionyesperanza@gmail.com<\/a><\/span><\/li><li><span style=\"color: #000000;\"><strong>Direcci\u00f3n postal<\/strong>: A\/A Secretar\u00eda, Hermandad de Bendici\u00f3n y Esperanza, C. Padre Jos\u00e9 Sebasti\u00e1n Bandar\u00e1n.<\/span><\/li><\/ul><h3><span style=\"color: #000000;\"><strong>Uso de cookies y archivos de actividad<\/strong><\/span><\/h3><p><span style=\"color: #000000;\">El sitio web puede utilizar cookies para mejorar la experiencia del usuario. Estas cookies no proporcionan datos personales y son temporales, destinadas \u00fanicamente a optimizar la navegaci\u00f3n.<\/span><\/p><p><span style=\"color: #000000;\">El usuario puede configurar su navegador para ser notificado sobre el uso de cookies o deshabilitar su instalaci\u00f3n. Consulte las instrucciones de su navegador para m\u00e1s informaci\u00f3n.<\/span><\/p><h3><span style=\"color: #000000;\"><strong>Direcciones IP<\/strong><\/span><\/h3><p><span style=\"color: #000000;\">Los servidores del sitio web podr\u00e1n detectar de manera autom\u00e1tica la direcci\u00f3n IP del usuario y registrar dicha informaci\u00f3n en un fichero para uso estad\u00edstico, como an\u00e1lisis de tr\u00e1fico y visitas al sitio web.<\/span><\/p><h3><span style=\"color: #000000;\"><strong>Medidas de seguridad<\/strong><\/span><\/h3><p><span style=\"color: #000000;\">La Hermandad adopta las medidas t\u00e9cnicas necesarias para garantizar la seguridad de los datos personales y evitar su p\u00e9rdida, alteraci\u00f3n o acceso no autorizado. Las comunicaciones de datos sensibles se realizar\u00e1n mediante protocolos seguros (HTTPS)<\/span><\/p>\t\t\t\t\t\t\t\t<\/div>\n\t\t\t\t<\/div>\n\t\t\t\t<\/div>\n\t\t","protected":false},"excerpt":{"rendered":"<p>\u00a0 Informaci\u00f3n de la Hermandad Denominaci\u00f3n Social: Hermandad Salesiana y Cofrad\u00eda de Nazarenos de Nuestro Padre Jes\u00fas de la Bendici\u00f3n [&hellip;]<\/p>\n","protected":false},"author":1,"featured_media":0,"parent":0,"menu_order":0,"comment_status":"closed","ping_status":"closed","template":"","meta":{"site-sidebar-layout":"no-sidebar","site-content-layout":"","ast-site-content-layout":"full-width-container","site-content-style":"default","site-sidebar-style":"default","ast-global-header-display":"","ast-banner-title-visibility":"","ast-main-header-display":"","ast-hfb-above-header-display":"","ast-hfb-below-header-display":"","ast-hfb-mobile-header-display":"","site-post-title":"disabled","ast-breadcrumbs-content":"","ast-featured-img":"disabled","footer-sml-layout":"","ast-disable-related-posts":"","theme-transparent-header-meta":"","adv-header-id-meta":"","stick-header-meta":"","header-above-stick-meta":"","header-main-stick-meta":"","header-below-stick-meta":"","astra-migrate-meta-layouts":"default","ast-page-background-enabled":"default","ast-page-background-meta":{"desktop":{"background-color":"var(--ast-global-color-4)","background-image":"","background-repeat":"repeat","background-position":"center center","background-size":"auto","background-attachment":"scroll","background-type":"","background-media":"","overlay-type":"","overlay-color":"","overlay-opacity":"","overlay-gradient":""},"tablet":{"background-color":"","background-image":"","background-repeat":"repeat","background-position":"center center","background-size":"auto","background-attachment":"scroll","background-type":"","background-media":"","overlay-type":"","overlay-color":"","overlay-opacity":"","overlay-gradient":""},"mobile":{"background-color":"","background-image":"","background-repeat":"repeat","background-position":"center center","background-size":"auto","background-attachment":"scroll","background-type":"","background-media":"","overlay-type":"","overlay-color":"","overlay-opacity":"","overlay-gradient":""}},"ast-content-background-meta":{"desktop":{"background-color":"var(--ast-global-color-5)","background-image":"","background-repeat":"repeat","background-position":"center center","background-size":"auto","background-attachment":"scroll","background-type":"","background-media":"","overlay-type":"","overlay-color":"","overlay-opacity":"","overlay-gradient":""},"tablet":{"background-color":"var(--ast-global-color-5)","background-image":"","background-repeat":"repeat","background-position":"center center","background-size":"auto","background-attachment":"scroll","background-type":"","background-media":"","overlay-type":"","overlay-color":"","overlay-opacity":"","overlay-gradient":""},"mobile":{"background-color":"var(--ast-global-color-5)","background-image":"","background-repeat":"repeat","background-position":"center center","background-size":"auto","background-attachment":"scroll","background-type":"","background-media":"","overlay-type":"","overlay-color":"","overlay-opacity":"","overlay-gradient":""}},"footnotes":""},"class_list":["post-1438","page","type-page","status-publish","hentry"],"_links":{"self":[{"href":"https:\/\/bendicionyesperanza.es\/index.php?rest_route=\/wp\/v2\/pages\/1438","targetHints":{"allow":["GET"]}}],"collection":[{"href":"https:\/\/bendicionyesperanza.es\/index.php?rest_route=\/wp\/v2\/pages"}],"about":[{"href":"https:\/\/bendicionyesperanza.es\/index.php?rest_route=\/wp\/v2\/types\/page"}],"author":[{"embeddable":true,"href":"https:\/\/bendicionyesperanza.es\/index.php?rest_route=\/wp\/v2\/users\/1"}],"replies":[{"embeddable":true,"href":"https:\/\/bendicionyesperanza.es\/index.php?rest_route=%2Fwp%2Fv2%2Fcomments&post=1438"}],"version-history":[{"count":10,"href":"https:\/\/bendicionyesperanza.es\/index.php?rest_route=\/wp\/v2\/pages\/1438\/revisions"}],"predecessor-version":[{"id":2975,"href":"https:\/\/bendicionyesperanza.es\/index.php?rest_route=\/wp\/v2\/pages\/1438\/revisions\/2975"}],"wp:attachment":[{"href":"https:\/\/bendicionyesperanza.es\/index.php?rest_route=%2Fwp%2Fv2%2Fmedia&parent=1438"}],"curies":[{"name":"wp","href":"https:\/\/api.w.org\/{rel}","templated":true}]}}

Política de Privacidad

<div data-elementor-type="wp-page" data-elementor-id="1438" class="elementor elementor-1438" data-elementor-post-type="page">
				<div class="elementor-element elementor-element-1c2a2de e-con-full e-flex e-con e-parent" data-id="1c2a2de" data-element_type="container" data-e-type="container">
				<div class="elementor-element elementor-element-3c38b5e elementor-widget elementor-widget-text-editor" data-id="3c38b5e" data-element_type="widget" data-e-type="widget" data-widget_type="text-editor.default">
									<h2> </h2><h3><span style="color: #000000;"><strong>Información de la Hermandad</strong></span></h3><ul><li><span style="color: #000000;"><strong>Denominación Social</strong>: Hermandad Salesiana y Cofradía de Nazarenos de Nuestro Padre Jesús de la Bendición en el Santo Encuentro con Santa María de la Esperanza en su Soledad y Nuestra Señora de la Humildad y Caridad, Sal y Luz.</span></li><li><span style="color: #000000;"><strong>Nombre Popular</strong>: Hermandad de Bendición y Esperanza</span></li><li><span style="color: #000000;"><strong>Domicilio Social</strong>: C. Padre José Sebastián Bandarán</span></li><li><span style="color: #000000;"><strong>CIF/NIF</strong>: </span></li><li><span style="color: #000000;"><strong>Teléfono</strong>: 633208520</span></li><li><span style="color: #000000;"><strong>Correo Electrónico</strong>: <a style="color: #000000;" rel="noopener">bendicionyesperanza@gmail.com</a></span></li><li><span style="color: #000000;"><strong>Inscripción en el Registro</strong>: </span></li><li><span style="color: #000000;"><strong>Nombre de dominio</strong>: </span></li></ul><p><span style="color: #000000;">De conformidad con lo dispuesto en la Ley Orgánica 15/1999 de Protección de Datos de Carácter Personal (LOPD) y su normativa de desarrollo, el responsable del sitio web, en cumplimiento de lo dispuesto en los artículos 5 y 6 de la LOPD, informa a todos los usuarios del sitio web que faciliten o vayan a facilitar sus datos personales, que estos serán incorporados en un fichero automatizado debidamente inscrito en la Agencia Española de Protección de Datos.</span></p><p><span style="color: #000000;"><strong>Finalidades del tratamiento de datos personales:</strong></span></p><ol><li><p><span style="color: #000000;"><strong>Remisión de comunicaciones comerciales</strong>:</span><br /><span style="color: #000000;">Enviar comunicaciones comerciales publicitarias por e-mail, SMS, redes sociales u otros medios electrónicos o físicos relacionados con productos o servicios ofrecidos por la Hermandad o sus colaboradores. En ningún caso los terceros tendrán acceso a los datos personales sin consentimiento previo.</span></p></li><li><p><span style="color: #000000;"><strong>Estudios estadísticos</strong>:</span><br /><span style="color: #000000;">Realizar análisis estadísticos para mejorar nuestros servicios.</span></p></li><li><p><span style="color: #000000;"><strong>Gestión de solicitudes</strong>:</span><br /><span style="color: #000000;">Tramitar encargos, solicitudes o cualquier tipo de petición realizada por el usuario a través de los canales de contacto disponibles.</span></p></li><li><p><span style="color: #000000;"><strong>Envío de boletines informativos</strong>:</span><br /><span style="color: #000000;">Remitir el boletín de noticias relacionado con las actividades de la Hermandad.</span></p></li></ol><h3><span style="color: #000000;"><strong>Derechos de los usuarios</strong></span></h3><p><span style="color: #000000;">La Hermandad garantiza el ejercicio de los derechos de acceso, rectificación, cancelación y oposición (ARCO), conforme a la legislación vigente. Los usuarios pueden ejercer estos derechos enviando una solicitud escrita, acompañada de una copia de su DNI, a través de los siguientes medios:</span></p><ul><li><span style="color: #000000;"><strong>Correo electrónico</strong>: <a style="color: #000000;" rel="noopener">bendicionyesperanza@gmail.com</a></span></li><li><span style="color: #000000;"><strong>Dirección postal</strong>: A/A Secretaría, Hermandad de Bendición y Esperanza, C. Padre José Sebastián Bandarán.</span></li></ul><h3><span style="color: #000000;"><strong>Uso de cookies y archivos de actividad</strong></span></h3><p><span style="color: #000000;">El sitio web puede utilizar cookies para mejorar la experiencia del usuario. Estas cookies no proporcionan datos personales y son temporales, destinadas únicamente a optimizar la navegación.</span></p><p><span style="color: #000000;">El usuario puede configurar su navegador para ser notificado sobre el uso de cookies o deshabilitar su instalación. Consulte las instrucciones de su navegador para más información.</span></p><h3><span style="color: #000000;"><strong>Direcciones IP</strong></span></h3><p><span style="color: #000000;">Los servidores del sitio web podrán detectar de manera automática la dirección IP del usuario y registrar dicha información en un fichero para uso estadístico, como análisis de tráfico y visitas al sitio web.</span></p><h3><span style="color: #000000;"><strong>Medidas de seguridad</strong></span></h3><p><span style="color: #000000;">La Hermandad adopta las medidas técnicas necesarias para garantizar la seguridad de los datos personales y evitar su pérdida, alteración o acceso no autorizado. Las comunicaciones de datos sensibles se realizarán mediante protocolos seguros (HTTPS)</span></p>								</div>
				</div>
				</div>

<p>  Información de la Hermandad Denominación Social: Hermandad Salesiana y Cofradía de Nazarenos de Nuestro Padre Jesús de la Bendición [&hellip;]</p>
