{"id":82,"date":"2024-11-12T10:00:34","date_gmt":"2024-11-12T10:00:34","guid":{"rendered":"https:\/\/fpbonline.es\/marcos\/?page_id=82"},"modified":"2024-12-14T23:56:06","modified_gmt":"2024-12-14T23:56:06","slug":"grupo-joven","status":"publish","type":"page","link":"https:\/\/bendicionyesperanza.es\/?page_id=82","title":{"rendered":"Grupo Joven"},"content":{"rendered":"\t\t<div data-elementor-type=\"wp-page\" data-elementor-id=\"82\" class=\"elementor elementor-82\" data-elementor-post-type=\"page\">\n\t\t\t\t\t\t<section class=\"elementor-section elementor-top-section elementor-element elementor-element-bbd2ee8 elementor-section-boxed elementor-section-height-default elementor-section-height-default\" data-id=\"bbd2ee8\" data-element_type=\"section\" data-e-type=\"section\" data-settings=\"{&quot;background_background&quot;:&quot;classic&quot;}\">\n\t\t\t\t\t\t\t<div class=\"elementor-background-overlay\"><\/div>\n\t\t\t\t\t\t\t<div class=\"elementor-container elementor-column-gap-no\">\n\t\t\t\t\t<div class=\"elementor-column elementor-col-100 elementor-top-column elementor-element elementor-element-c154a83\" data-id=\"c154a83\" data-element_type=\"column\" data-e-type=\"column\">\n\t\t\t<div class=\"elementor-widget-wrap elementor-element-populated\">\n\t\t\t\t\t\t<div class=\"elementor-element elementor-element-072fa4f elementor-invisible elementor-widget elementor-widget-heading\" data-id=\"072fa4f\" data-element_type=\"widget\" data-e-type=\"widget\" data-settings=\"{&quot;_animation&quot;:&quot;fadeInDown&quot;}\" data-widget_type=\"heading.default\">\n\t\t\t\t\t<h2 class=\"elementor-heading-title elementor-size-default\">Grupo Joven<\/h2>\t\t\t\t<\/div>\n\t\t\t\t\t<\/div>\n\t\t<\/div>\n\t\t\t\t\t<\/div>\n\t\t<\/section>\n\t\t<div class=\"elementor-element elementor-element-893f095 e-con-full e-flex e-con e-parent\" data-id=\"893f095\" data-element_type=\"container\" data-e-type=\"container\">\n\t\t\t\t<div class=\"elementor-element elementor-element-9046d21 elementor-widget elementor-widget-text-editor\" data-id=\"9046d21\" data-element_type=\"widget\" data-e-type=\"widget\" data-widget_type=\"text-editor.default\">\n\t\t\t\t\t\t\t\t\t<p><br \/><span style=\"color: #000000; font-size: 16px;\">La Agrupaci\u00f3n Parroquial Bendici\u00f3n y Esperanza desea emprender un proyecto juvenil que d\u00e9 respuesta a las inquietudes de los j\u00f3venes cofrades del barrio. Nuestros Sagrados Titulares y la Semana Santa ser\u00e1n las herramientas que nos ayuden a acercar a los j\u00f3venes a la vida parroquial, con el fin de alejarlos de las calles.<\/span><\/p><div class=\"container\"><div class=\"section\"><div class=\"content\"><p><span style=\"color: #000000;\">Este proyecto consistir\u00e1 en actividades mensuales, convivencias, participaci\u00f3n en actos y cultos, y una escuela de costaleros, donde los j\u00f3venes que lo deseen podr\u00e1n aprender el arte y oficio del costal. En definitiva, el proyecto \u00abGrupo Joven Bendito\u00bb nace con el objetivo de ense\u00f1ar los valores fundamentales que debe tener un buen cristiano, cofrade y bendito.<\/span><\/p><\/div><\/div><div class=\"objectives\"><div class=\"objectives-title\"><p><span style=\"color: #000000;\"><strong>OBJETIVOS:<br \/><\/strong><\/span><span style=\"color: #000000; font-size: 16px;\">Crear una conciencia cristiana en los j\u00f3venes mediante la participaci\u00f3n en la vida parroquial.<br \/><\/span><span style=\"color: #000000; font-size: 16px;\">Favorecer un sentimiento de hermandad, haci\u00e9ndolos part\u00edcipes en el d\u00eda a d\u00eda de la Corporaci\u00f3n, vivi\u00e9ndolo desde dentro y haciendo suya la hermandad.<br \/><\/span><span style=\"color: #000000; font-size: 16px;\">Fomentar un v\u00ednculo con el Centro Juvenil Don Bosco y el Cotarro, afianzando en los j\u00f3venes un proyecto de vida cristiana, teniendo a Jes\u00fas y Don Bosco como modelos a seguir.<br \/><\/span><span style=\"color: #000000; font-size: 16px;\">Mostrar una vertiente espiritual y nueva de la Semana Santa de Sevilla.<\/span><\/p><\/div><\/div><\/div>\t\t\t\t\t\t\t\t<\/div>\n\t\t\t\t<\/div>\n\t\t\t\t<\/div>\n\t\t","protected":false},"excerpt":{"rendered":"<p>Grupo Joven La Agrupaci\u00f3n Parroquial Bendici\u00f3n y Esperanza desea emprender un proyecto juvenil que d\u00e9 respuesta a las inquietudes de [&hellip;]<\/p>\n","protected":false},"author":1,"featured_media":0,"parent":0,"menu_order":0,"comment_status":"closed","ping_status":"closed","template":"elementor_header_footer","meta":{"site-sidebar-layout":"no-sidebar","site-content-layout":"","ast-site-content-layout":"full-width-container","site-content-style":"default","site-sidebar-style":"default","ast-global-header-display":"","ast-banner-title-visibility":"","ast-main-header-display":"","ast-hfb-above-header-display":"","ast-hfb-below-header-display":"","ast-hfb-mobile-header-display":"","site-post-title":"disabled","ast-breadcrumbs-content":"","ast-featured-img":"disabled","footer-sml-layout":"","ast-disable-related-posts":"","theme-transparent-header-meta":"","adv-header-id-meta":"","stick-header-meta":"","header-above-stick-meta":"","header-main-stick-meta":"","header-below-stick-meta":"","astra-migrate-meta-layouts":"default","ast-page-background-enabled":"default","ast-page-background-meta":{"desktop":{"background-color":"var(--ast-global-color-4)","background-image":"","background-repeat":"repeat","background-position":"center center","background-size":"auto","background-attachment":"scroll","background-type":"","background-media":"","overlay-type":"","overlay-color":"","overlay-opacity":"","overlay-gradient":""},"tablet":{"background-color":"","background-image":"","background-repeat":"repeat","background-position":"center center","background-size":"auto","background-attachment":"scroll","background-type":"","background-media":"","overlay-type":"","overlay-color":"","overlay-opacity":"","overlay-gradient":""},"mobile":{"background-color":"","background-image":"","background-repeat":"repeat","background-position":"center center","background-size":"auto","background-attachment":"scroll","background-type":"","background-media":"","overlay-type":"","overlay-color":"","overlay-opacity":"","overlay-gradient":""}},"ast-content-background-meta":{"desktop":{"background-color":"var(--ast-global-color-5)","background-image":"","background-repeat":"repeat","background-position":"center center","background-size":"auto","background-attachment":"scroll","background-type":"","background-media":"","overlay-type":"","overlay-color":"","overlay-opacity":"","overlay-gradient":""},"tablet":{"background-color":"var(--ast-global-color-5)","background-image":"","background-repeat":"repeat","background-position":"center center","background-size":"auto","background-attachment":"scroll","background-type":"","background-media":"","overlay-type":"","overlay-color":"","overlay-opacity":"","overlay-gradient":""},"mobile":{"background-color":"var(--ast-global-color-5)","background-image":"","background-repeat":"repeat","background-position":"center center","background-size":"auto","background-attachment":"scroll","background-type":"","background-media":"","overlay-type":"","overlay-color":"","overlay-opacity":"","overlay-gradient":""}},"footnotes":""},"class_list":["post-82","page","type-page","status-publish","hentry"],"_links":{"self":[{"href":"https:\/\/bendicionyesperanza.es\/index.php?rest_route=\/wp\/v2\/pages\/82","targetHints":{"allow":["GET"]}}],"collection":[{"href":"https:\/\/bendicionyesperanza.es\/index.php?rest_route=\/wp\/v2\/pages"}],"about":[{"href":"https:\/\/bendicionyesperanza.es\/index.php?rest_route=\/wp\/v2\/types\/page"}],"author":[{"embeddable":true,"href":"https:\/\/bendicionyesperanza.es\/index.php?rest_route=\/wp\/v2\/users\/1"}],"replies":[{"embeddable":true,"href":"https:\/\/bendicionyesperanza.es\/index.php?rest_route=%2Fwp%2Fv2%2Fcomments&post=82"}],"version-history":[{"count":37,"href":"https:\/\/bendicionyesperanza.es\/index.php?rest_route=\/wp\/v2\/pages\/82\/revisions"}],"predecessor-version":[{"id":2634,"href":"https:\/\/bendicionyesperanza.es\/index.php?rest_route=\/wp\/v2\/pages\/82\/revisions\/2634"}],"wp:attachment":[{"href":"https:\/\/bendicionyesperanza.es\/index.php?rest_route=%2Fwp%2Fv2%2Fmedia&parent=82"}],"curies":[{"name":"wp","href":"https:\/\/api.w.org\/{rel}","templated":true}]}}

<div data-elementor-type="wp-page" data-elementor-id="82" class="elementor elementor-82" data-elementor-post-type="page">
						<section class="elementor-section elementor-top-section elementor-element elementor-element-bbd2ee8 elementor-section-boxed elementor-section-height-default elementor-section-height-default" data-id="bbd2ee8" data-element_type="section" data-e-type="section" data-settings="{&quot;background_background&quot;:&quot;classic&quot;}">
							<div class="elementor-background-overlay"></div>
							<div class="elementor-container elementor-column-gap-no">
					<div class="elementor-column elementor-col-100 elementor-top-column elementor-element elementor-element-c154a83" data-id="c154a83" data-element_type="column" data-e-type="column">
			<div class="elementor-widget-wrap elementor-element-populated">
						<div class="elementor-element elementor-element-072fa4f elementor-invisible elementor-widget elementor-widget-heading" data-id="072fa4f" data-element_type="widget" data-e-type="widget" data-settings="{&quot;_animation&quot;:&quot;fadeInDown&quot;}" data-widget_type="heading.default">
					<h2 class="elementor-heading-title elementor-size-default">Grupo Joven</h2>				</div>
					</div>
		</div>
					</div>
		</section>
		<div class="elementor-element elementor-element-893f095 e-con-full e-flex e-con e-parent" data-id="893f095" data-element_type="container" data-e-type="container">
				<div class="elementor-element elementor-element-9046d21 elementor-widget elementor-widget-text-editor" data-id="9046d21" data-element_type="widget" data-e-type="widget" data-widget_type="text-editor.default">
									<p><br /><span style="color: #000000; font-size: 16px;">La Agrupación Parroquial Bendición y Esperanza desea emprender un proyecto juvenil que dé respuesta a las inquietudes de los jóvenes cofrades del barrio. Nuestros Sagrados Titulares y la Semana Santa serán las herramientas que nos ayuden a acercar a los jóvenes a la vida parroquial, con el fin de alejarlos de las calles.</span></p><div class="container"><div class="section"><div class="content"><p><span style="color: #000000;">Este proyecto consistirá en actividades mensuales, convivencias, participación en actos y cultos, y una escuela de costaleros, donde los jóvenes que lo deseen podrán aprender el arte y oficio del costal. En definitiva, el proyecto «Grupo Joven Bendito» nace con el objetivo de enseñar los valores fundamentales que debe tener un buen cristiano, cofrade y bendito.</span></p></div></div><div class="objectives"><div class="objectives-title"><p><span style="color: #000000;"><strong>OBJETIVOS:<br /></strong></span><span style="color: #000000; font-size: 16px;">Crear una conciencia cristiana en los jóvenes mediante la participación en la vida parroquial.<br /></span><span style="color: #000000; font-size: 16px;">Favorecer un sentimiento de hermandad, haciéndolos partícipes en el día a día de la Corporación, viviéndolo desde dentro y haciendo suya la hermandad.<br /></span><span style="color: #000000; font-size: 16px;">Fomentar un vínculo con el Centro Juvenil Don Bosco y el Cotarro, afianzando en los jóvenes un proyecto de vida cristiana, teniendo a Jesús y Don Bosco como modelos a seguir.<br /></span><span style="color: #000000; font-size: 16px;">Mostrar una vertiente espiritual y nueva de la Semana Santa de Sevilla.</span></p></div></div></div>								</div>
				</div>
				</div>

<p>Grupo Joven La Agrupación Parroquial Bendición y Esperanza desea emprender un proyecto juvenil que dé respuesta a las inquietudes de [&hellip;]</p>
