{"id":84,"date":"2024-11-12T10:01:11","date_gmt":"2024-11-12T10:01:11","guid":{"rendered":"https:\/\/fpbonline.es\/marcos\/?page_id=84"},"modified":"2025-12-23T15:48:35","modified_gmt":"2025-12-23T15:48:35","slug":"junta-de-gobierno","status":"publish","type":"page","link":"https:\/\/bendicionyesperanza.es\/?page_id=84","title":{"rendered":"Junta de Gobierno"},"content":{"rendered":"\t\t<div data-elementor-type=\"wp-page\" data-elementor-id=\"84\" class=\"elementor elementor-84\" data-elementor-post-type=\"page\">\n\t\t\t\t\t\t<section class=\"elementor-section elementor-top-section elementor-element elementor-element-a2073c1 elementor-section-boxed elementor-section-height-default elementor-section-height-default\" data-id=\"a2073c1\" data-element_type=\"section\" data-e-type=\"section\" data-settings=\"{&quot;background_background&quot;:&quot;classic&quot;}\">\n\t\t\t\t\t\t\t<div class=\"elementor-background-overlay\"><\/div>\n\t\t\t\t\t\t\t<div class=\"elementor-container elementor-column-gap-no\">\n\t\t\t\t\t<div class=\"elementor-column elementor-col-100 elementor-top-column elementor-element elementor-element-5703ba9\" data-id=\"5703ba9\" data-element_type=\"column\" data-e-type=\"column\">\n\t\t\t<div class=\"elementor-widget-wrap elementor-element-populated\">\n\t\t\t\t\t\t<div class=\"elementor-element elementor-element-1a770fd elementor-invisible elementor-widget elementor-widget-heading\" data-id=\"1a770fd\" data-element_type=\"widget\" data-e-type=\"widget\" data-settings=\"{&quot;_animation&quot;:&quot;fadeInDown&quot;}\" data-widget_type=\"heading.default\">\n\t\t\t\t\t<h2 class=\"elementor-heading-title elementor-size-default\">Junta de Gobierno<\/h2>\t\t\t\t<\/div>\n\t\t\t\t\t<\/div>\n\t\t<\/div>\n\t\t\t\t\t<\/div>\n\t\t<\/section>\n\t\t<div class=\"elementor-element elementor-element-6ffc08e e-con-full e-flex e-con e-parent\" data-id=\"6ffc08e\" data-element_type=\"container\" data-e-type=\"container\">\n\t\t\t\t<div class=\"elementor-element elementor-element-f0381a0 elementor-widget elementor-widget-text-editor\" data-id=\"f0381a0\" data-element_type=\"widget\" data-e-type=\"widget\" data-widget_type=\"text-editor.default\">\n\t\t\t\t\t\t\t\t\t<div class=\"container\"><h1 style=\"text-align: center;\">\u00a0<\/h1><ul><li><span style=\"color: #000000;\"><strong>Hermano Mayor:<\/strong> \u00c1ngel Hartmann Redondo<\/span><\/li><li><span style=\"color: #000000;\"><strong>Teniente Hermano Mayor:<\/strong> Jes\u00fas Mar\u00eda P\u00e9rez Maldonado<\/span><\/li><li><span style=\"color: #000000;\"><strong>Consiliario 1\u00ba:<\/strong> Mois\u00e9s \u00c1lvarez Leal<\/span><\/li><li><span style=\"color: #000000;\"><strong>Consiliario 2\u00ba:<\/strong> Jos\u00e9 Antonio Leal Romero<\/span><\/li><li><span style=\"color: #000000;\"><strong>Mayordomo 1\u00ba:<\/strong>\u00a0Jos\u00e9 Javier Nevado Luna<\/span><\/li><li><span style=\"color: #000000;\"><strong>Mayordomo 2\u00ba:<\/strong>\u00a0Mart\u00edn Garc\u00eda Serrano<\/span><\/li><li><span style=\"color: #000000;\"><strong>Secretaria 1\u00aa:<\/strong> Mar\u00eda Carmen Casanova Fern\u00e1ndez<\/span><\/li><li><span style=\"color: #000000;\"><strong>Secretaria 2\u00aa:<\/strong> Marina Mora Garc\u00eda<\/span><\/li><li><span style=\"color: #000000;\"><strong>Prioste 1\u00ba:<\/strong> Jos\u00e9 Antonio Gonz\u00e1lez Sousa<\/span><\/li><li><span style=\"color: #000000;\"><strong>Prioste 2\u00ba:<\/strong> Pablo Fern\u00e1ndez Taud\u00edn<\/span><\/li><li><span style=\"color: #000000;\"><strong>Fiscal:<\/strong>\u00a0Carlos Hartmann Redondo<\/span><\/li><li><span style=\"color: #000000;\"><strong>Diputado Mayor de Gobierno:<\/strong> Antonio Ram\u00edrez Martel<\/span><\/li><li><span style=\"color: #000000;\"><strong>Diputada de Cultos:<\/strong> Mar\u00eda Dolores Garc\u00eda Gonz\u00e1lez<\/span><\/li><li><span style=\"color: #000000;\"><strong>Diputado de Formaci\u00f3n:<\/strong> Antonio Garc\u00eda Valderas<\/span><\/li><li><span style=\"color: #000000;\"><strong>Diputado de Caridad:<\/strong> Francisco Israel Espinosa Fern\u00e1ndez<\/span><\/li><li><span style=\"color: #000000;\"><strong>Diputado de Juventud:<\/strong> Cristian Jim\u00e9nez Gallego<\/span><\/li><\/ul><\/div>\t\t\t\t\t\t\t\t<\/div>\n\t\t\t\t<\/div>\n\t\t\t\t<\/div>\n\t\t","protected":false},"excerpt":{"rendered":"<p>Junta de Gobierno \u00a0 Hermano Mayor: \u00c1ngel Hartmann Redondo Teniente Hermano Mayor: Jes\u00fas Mar\u00eda P\u00e9rez Maldonado Consiliario 1\u00ba: Mois\u00e9s \u00c1lvarez [&hellip;]<\/p>\n","protected":false},"author":1,"featured_media":0,"parent":0,"menu_order":0,"comment_status":"closed","ping_status":"closed","template":"elementor_header_footer","meta":{"site-sidebar-layout":"no-sidebar","site-content-layout":"","ast-site-content-layout":"full-width-container","site-content-style":"default","site-sidebar-style":"default","ast-global-header-display":"","ast-banner-title-visibility":"","ast-main-header-display":"","ast-hfb-above-header-display":"","ast-hfb-below-header-display":"","ast-hfb-mobile-header-display":"","site-post-title":"disabled","ast-breadcrumbs-content":"","ast-featured-img":"disabled","footer-sml-layout":"","ast-disable-related-posts":"","theme-transparent-header-meta":"","adv-header-id-meta":"","stick-header-meta":"","header-above-stick-meta":"","header-main-stick-meta":"","header-below-stick-meta":"","astra-migrate-meta-layouts":"default","ast-page-background-enabled":"default","ast-page-background-meta":{"desktop":{"background-color":"var(--ast-global-color-4)","background-image":"","background-repeat":"repeat","background-position":"center center","background-size":"auto","background-attachment":"scroll","background-type":"","background-media":"","overlay-type":"","overlay-color":"","overlay-opacity":"","overlay-gradient":""},"tablet":{"background-color":"","background-image":"","background-repeat":"repeat","background-position":"center center","background-size":"auto","background-attachment":"scroll","background-type":"","background-media":"","overlay-type":"","overlay-color":"","overlay-opacity":"","overlay-gradient":""},"mobile":{"background-color":"","background-image":"","background-repeat":"repeat","background-position":"center center","background-size":"auto","background-attachment":"scroll","background-type":"","background-media":"","overlay-type":"","overlay-color":"","overlay-opacity":"","overlay-gradient":""}},"ast-content-background-meta":{"desktop":{"background-color":"var(--ast-global-color-5)","background-image":"","background-repeat":"repeat","background-position":"center center","background-size":"auto","background-attachment":"scroll","background-type":"","background-media":"","overlay-type":"","overlay-color":"","overlay-opacity":"","overlay-gradient":""},"tablet":{"background-color":"var(--ast-global-color-5)","background-image":"","background-repeat":"repeat","background-position":"center center","background-size":"auto","background-attachment":"scroll","background-type":"","background-media":"","overlay-type":"","overlay-color":"","overlay-opacity":"","overlay-gradient":""},"mobile":{"background-color":"var(--ast-global-color-5)","background-image":"","background-repeat":"repeat","background-position":"center center","background-size":"auto","background-attachment":"scroll","background-type":"","background-media":"","overlay-type":"","overlay-color":"","overlay-opacity":"","overlay-gradient":""}},"footnotes":""},"class_list":["post-84","page","type-page","status-publish","hentry"],"_links":{"self":[{"href":"https:\/\/bendicionyesperanza.es\/index.php?rest_route=\/wp\/v2\/pages\/84","targetHints":{"allow":["GET"]}}],"collection":[{"href":"https:\/\/bendicionyesperanza.es\/index.php?rest_route=\/wp\/v2\/pages"}],"about":[{"href":"https:\/\/bendicionyesperanza.es\/index.php?rest_route=\/wp\/v2\/types\/page"}],"author":[{"embeddable":true,"href":"https:\/\/bendicionyesperanza.es\/index.php?rest_route=\/wp\/v2\/users\/1"}],"replies":[{"embeddable":true,"href":"https:\/\/bendicionyesperanza.es\/index.php?rest_route=%2Fwp%2Fv2%2Fcomments&post=84"}],"version-history":[{"count":46,"href":"https:\/\/bendicionyesperanza.es\/index.php?rest_route=\/wp\/v2\/pages\/84\/revisions"}],"predecessor-version":[{"id":3426,"href":"https:\/\/bendicionyesperanza.es\/index.php?rest_route=\/wp\/v2\/pages\/84\/revisions\/3426"}],"wp:attachment":[{"href":"https:\/\/bendicionyesperanza.es\/index.php?rest_route=%2Fwp%2Fv2%2Fmedia&parent=84"}],"curies":[{"name":"wp","href":"https:\/\/api.w.org\/{rel}","templated":true}]}}

<div data-elementor-type="wp-page" data-elementor-id="84" class="elementor elementor-84" data-elementor-post-type="page">
						<section class="elementor-section elementor-top-section elementor-element elementor-element-a2073c1 elementor-section-boxed elementor-section-height-default elementor-section-height-default" data-id="a2073c1" data-element_type="section" data-e-type="section" data-settings="{&quot;background_background&quot;:&quot;classic&quot;}">
							<div class="elementor-background-overlay"></div>
							<div class="elementor-container elementor-column-gap-no">
					<div class="elementor-column elementor-col-100 elementor-top-column elementor-element elementor-element-5703ba9" data-id="5703ba9" data-element_type="column" data-e-type="column">
			<div class="elementor-widget-wrap elementor-element-populated">
						<div class="elementor-element elementor-element-1a770fd elementor-invisible elementor-widget elementor-widget-heading" data-id="1a770fd" data-element_type="widget" data-e-type="widget" data-settings="{&quot;_animation&quot;:&quot;fadeInDown&quot;}" data-widget_type="heading.default">
					<h2 class="elementor-heading-title elementor-size-default">Junta de Gobierno</h2>				</div>
					</div>
		</div>
					</div>
		</section>
		<div class="elementor-element elementor-element-6ffc08e e-con-full e-flex e-con e-parent" data-id="6ffc08e" data-element_type="container" data-e-type="container">
				<div class="elementor-element elementor-element-f0381a0 elementor-widget elementor-widget-text-editor" data-id="f0381a0" data-element_type="widget" data-e-type="widget" data-widget_type="text-editor.default">
									<div class="container"><h1 style="text-align: center;"> </h1><ul><li><span style="color: #000000;"><strong>Hermano Mayor:</strong> Ángel Hartmann Redondo</span></li><li><span style="color: #000000;"><strong>Teniente Hermano Mayor:</strong> Jesús María Pérez Maldonado</span></li><li><span style="color: #000000;"><strong>Consiliario 1º:</strong> Moisés Álvarez Leal</span></li><li><span style="color: #000000;"><strong>Consiliario 2º:</strong> José Antonio Leal Romero</span></li><li><span style="color: #000000;"><strong>Mayordomo 1º:</strong> José Javier Nevado Luna</span></li><li><span style="color: #000000;"><strong>Mayordomo 2º:</strong> Martín García Serrano</span></li><li><span style="color: #000000;"><strong>Secretaria 1ª:</strong> María Carmen Casanova Fernández</span></li><li><span style="color: #000000;"><strong>Secretaria 2ª:</strong> Marina Mora García</span></li><li><span style="color: #000000;"><strong>Prioste 1º:</strong> José Antonio González Sousa</span></li><li><span style="color: #000000;"><strong>Prioste 2º:</strong> Pablo Fernández Taudín</span></li><li><span style="color: #000000;"><strong>Fiscal:</strong> Carlos Hartmann Redondo</span></li><li><span style="color: #000000;"><strong>Diputado Mayor de Gobierno:</strong> Antonio Ramírez Martel</span></li><li><span style="color: #000000;"><strong>Diputada de Cultos:</strong> María Dolores García González</span></li><li><span style="color: #000000;"><strong>Diputado de Formación:</strong> Antonio García Valderas</span></li><li><span style="color: #000000;"><strong>Diputado de Caridad:</strong> Francisco Israel Espinosa Fernández</span></li><li><span style="color: #000000;"><strong>Diputado de Juventud:</strong> Cristian Jiménez Gallego</span></li></ul></div>								</div>
				</div>
				</div>

<p>Junta de Gobierno   Hermano Mayor: Ángel Hartmann Redondo Teniente Hermano Mayor: Jesús María Pérez Maldonado Consiliario 1º: Moisés Álvarez [&hellip;]</p>
