{"id":90,"date":"2024-11-12T10:01:56","date_gmt":"2024-11-12T10:01:56","guid":{"rendered":"https:\/\/fpbonline.es\/marcos\/?page_id=90"},"modified":"2024-12-14T23:38:26","modified_gmt":"2024-12-14T23:38:26","slug":"ntro-padre-jesus-de-la-bendicion-en-el-santo-encuentro","status":"publish","type":"page","link":"https:\/\/bendicionyesperanza.es\/?page_id=90","title":{"rendered":"Ntro. Padre Jes\u00fas de la Bendici\u00f3n en el Santo\u00a0Encuentro"},"content":{"rendered":"\t\t<div data-elementor-type=\"wp-page\" data-elementor-id=\"90\" class=\"elementor elementor-90\" data-elementor-post-type=\"page\">\n\t\t\t\t\t\t<section class=\"elementor-section elementor-top-section elementor-element elementor-element-fa4989a elementor-section-boxed elementor-section-height-default elementor-section-height-default\" data-id=\"fa4989a\" data-element_type=\"section\" data-e-type=\"section\" data-settings=\"{&quot;background_background&quot;:&quot;classic&quot;}\">\n\t\t\t\t\t\t\t<div class=\"elementor-background-overlay\"><\/div>\n\t\t\t\t\t\t\t<div class=\"elementor-container elementor-column-gap-no\">\n\t\t\t\t\t<div class=\"elementor-column elementor-col-100 elementor-top-column elementor-element elementor-element-afd89c8\" data-id=\"afd89c8\" data-element_type=\"column\" data-e-type=\"column\">\n\t\t\t<div class=\"elementor-widget-wrap elementor-element-populated\">\n\t\t\t\t\t\t<div class=\"elementor-element elementor-element-4c40cc3 elementor-widget__width-initial elementor-invisible elementor-widget elementor-widget-heading\" data-id=\"4c40cc3\" data-element_type=\"widget\" data-e-type=\"widget\" data-settings=\"{&quot;_animation&quot;:&quot;fadeInDown&quot;}\" data-widget_type=\"heading.default\">\n\t\t\t\t\t<h2 class=\"elementor-heading-title elementor-size-default\">Nuestro Padre Jes\u00fas de la Bendici\u00f3n en el Santo Entierro<\/h2>\t\t\t\t<\/div>\n\t\t\t\t\t<\/div>\n\t\t<\/div>\n\t\t\t\t\t<\/div>\n\t\t<\/section>\n\t\t\t\t<section class=\"elementor-section elementor-top-section elementor-element elementor-element-37e236d elementor-section-full_width elementor-section-height-default elementor-section-height-default\" data-id=\"37e236d\" data-element_type=\"section\" data-e-type=\"section\">\n\t\t\t\t\t\t<div class=\"elementor-container elementor-column-gap-no\">\n\t\t\t\t\t<div class=\"elementor-column elementor-col-100 elementor-top-column elementor-element elementor-element-cc43002\" data-id=\"cc43002\" data-element_type=\"column\" data-e-type=\"column\">\n\t\t\t<div class=\"elementor-widget-wrap elementor-element-populated\">\n\t\t\t\t\t\t<section class=\"elementor-section elementor-inner-section elementor-element elementor-element-238aa5f elementor-section-full_width elementor-section-height-default elementor-section-height-default\" data-id=\"238aa5f\" data-element_type=\"section\" data-e-type=\"section\">\n\t\t\t\t\t\t<div class=\"elementor-container elementor-column-gap-no\">\n\t\t\t\t\t<div class=\"elementor-column elementor-col-100 elementor-inner-column elementor-element elementor-element-f093423\" data-id=\"f093423\" data-element_type=\"column\" data-e-type=\"column\" data-settings=\"{&quot;background_background&quot;:&quot;classic&quot;}\">\n\t\t\t<div class=\"elementor-widget-wrap elementor-element-populated\">\n\t\t\t\t\t<div class=\"elementor-background-overlay\"><\/div>\n\t\t\t\t\t\t<div class=\"elementor-element elementor-element-09eba5b elementor-widget elementor-widget-text-editor\" data-id=\"09eba5b\" data-element_type=\"widget\" data-e-type=\"widget\" data-widget_type=\"text-editor.default\">\n\t\t\t\t\t\t\t\t\t<p style=\"text-align: center;\"><span style=\"color: #000000; font-size: 16px;\">El nazareno representa al Var\u00f3n de Dolores en la Calle de la Amargura. Es una imagen de cuerpo entero, realizada en madera de cedro real. Mide 184 cm de altura y muestra las vestiduras superpuestas, de telas desgarradas, lo que permite ver gran parte del torso y el brazo derecho.<br \/><\/span><span style=\"color: #000000; font-size: 16px;\"><br \/>Tambi\u00e9n ofrece como peculiaridad, dentro de los c\u00e1nones actuales de la escuela sevillana, el hecho de portar una cruz de secci\u00f3n rectangular. Sujetando el crucero con su mano derecha, mientras que la izquierda se eleva hasta el remate del larguero, dejando ver una estampa inusual hoy en d\u00eda.<\/span><\/p><div class=\"container\"><div class=\"section content\"><p style=\"text-align: center;\"><span style=\"font-size: 16px; color: #000000;\">La imagen es obra del imaginero <strong>Juan Antonio Blanco Ramos.<\/strong><\/span><\/p><\/div><\/div>\t\t\t\t\t\t\t\t<\/div>\n\t\t\t\t\t<\/div>\n\t\t<\/div>\n\t\t\t\t\t<\/div>\n\t\t<\/section>\n\t\t\t\t\t<\/div>\n\t\t<\/div>\n\t\t\t\t\t<\/div>\n\t\t<\/section>\n\t\t<div class=\"elementor-element elementor-element-f5a172d e-con-full e-flex e-con e-parent\" data-id=\"f5a172d\" data-element_type=\"container\" data-e-type=\"container\">\n\t\t\t\t<div class=\"elementor-element elementor-element-4730360 elementor-widget elementor-widget-image\" data-id=\"4730360\" data-element_type=\"widget\" data-e-type=\"widget\" data-widget_type=\"image.default\">\n\t\t\t\t\t\t\t\t\t\t\t\t\t\t\t<img fetchpriority=\"high\" decoding=\"async\" width=\"1362\" height=\"2048\" src=\"https:\/\/bendicionyesperanza.es\/wp-content\/uploads\/2024\/11\/dsc_0248-1362x2048.webp\" class=\"attachment-2048x2048 size-2048x2048 wp-image-342\" alt=\"\" srcset=\"https:\/\/bendicionyesperanza.es\/wp-content\/uploads\/2024\/11\/dsc_0248-1362x2048.webp 1362w, https:\/\/bendicionyesperanza.es\/wp-content\/uploads\/2024\/11\/dsc_0248-199x300.webp 199w, https:\/\/bendicionyesperanza.es\/wp-content\/uploads\/2024\/11\/dsc_0248-681x1024.webp 681w, https:\/\/bendicionyesperanza.es\/wp-content\/uploads\/2024\/11\/dsc_0248-768x1155.webp 768w, https:\/\/bendicionyesperanza.es\/wp-content\/uploads\/2024\/11\/dsc_0248-1021x1536.webp 1021w, https:\/\/bendicionyesperanza.es\/wp-content\/uploads\/2024\/11\/dsc_0248-scaled.webp 1702w\" sizes=\"(max-width: 1362px) 100vw, 1362px\" \/>\t\t\t\t\t\t\t\t\t\t\t\t\t\t\t<\/div>\n\t\t\t\t<\/div>\n\t\t\t\t<\/div>\n\t\t","protected":false},"excerpt":{"rendered":"<p>Nuestro Padre Jes\u00fas de la Bendici\u00f3n en el Santo Entierro El nazareno representa al Var\u00f3n de Dolores en la Calle [&hellip;]<\/p>\n","protected":false},"author":1,"featured_media":0,"parent":0,"menu_order":0,"comment_status":"closed","ping_status":"closed","template":"elementor_header_footer","meta":{"site-sidebar-layout":"no-sidebar","site-content-layout":"","ast-site-content-layout":"full-width-container","site-content-style":"default","site-sidebar-style":"default","ast-global-header-display":"","ast-banner-title-visibility":"","ast-main-header-display":"","ast-hfb-above-header-display":"","ast-hfb-below-header-display":"","ast-hfb-mobile-header-display":"","site-post-title":"disabled","ast-breadcrumbs-content":"","ast-featured-img":"disabled","footer-sml-layout":"","ast-disable-related-posts":"","theme-transparent-header-meta":"","adv-header-id-meta":"","stick-header-meta":"","header-above-stick-meta":"","header-main-stick-meta":"","header-below-stick-meta":"","astra-migrate-meta-layouts":"default","ast-page-background-enabled":"default","ast-page-background-meta":{"desktop":{"background-color":"var(--ast-global-color-4)","background-image":"","background-repeat":"repeat","background-position":"center center","background-size":"auto","background-attachment":"scroll","background-type":"","background-media":"","overlay-type":"","overlay-color":"","overlay-opacity":"","overlay-gradient":""},"tablet":{"background-color":"","background-image":"","background-repeat":"repeat","background-position":"center center","background-size":"auto","background-attachment":"scroll","background-type":"","background-media":"","overlay-type":"","overlay-color":"","overlay-opacity":"","overlay-gradient":""},"mobile":{"background-color":"","background-image":"","background-repeat":"repeat","background-position":"center center","background-size":"auto","background-attachment":"scroll","background-type":"","background-media":"","overlay-type":"","overlay-color":"","overlay-opacity":"","overlay-gradient":""}},"ast-content-background-meta":{"desktop":{"background-color":"var(--ast-global-color-5)","background-image":"","background-repeat":"repeat","background-position":"center center","background-size":"auto","background-attachment":"scroll","background-type":"","background-media":"","overlay-type":"","overlay-color":"","overlay-opacity":"","overlay-gradient":""},"tablet":{"background-color":"var(--ast-global-color-5)","background-image":"","background-repeat":"repeat","background-position":"center center","background-size":"auto","background-attachment":"scroll","background-type":"","background-media":"","overlay-type":"","overlay-color":"","overlay-opacity":"","overlay-gradient":""},"mobile":{"background-color":"var(--ast-global-color-5)","background-image":"","background-repeat":"repeat","background-position":"center center","background-size":"auto","background-attachment":"scroll","background-type":"","background-media":"","overlay-type":"","overlay-color":"","overlay-opacity":"","overlay-gradient":""}},"footnotes":""},"class_list":["post-90","page","type-page","status-publish","hentry"],"_links":{"self":[{"href":"https:\/\/bendicionyesperanza.es\/index.php?rest_route=\/wp\/v2\/pages\/90","targetHints":{"allow":["GET"]}}],"collection":[{"href":"https:\/\/bendicionyesperanza.es\/index.php?rest_route=\/wp\/v2\/pages"}],"about":[{"href":"https:\/\/bendicionyesperanza.es\/index.php?rest_route=\/wp\/v2\/types\/page"}],"author":[{"embeddable":true,"href":"https:\/\/bendicionyesperanza.es\/index.php?rest_route=\/wp\/v2\/users\/1"}],"replies":[{"embeddable":true,"href":"https:\/\/bendicionyesperanza.es\/index.php?rest_route=%2Fwp%2Fv2%2Fcomments&post=90"}],"version-history":[{"count":31,"href":"https:\/\/bendicionyesperanza.es\/index.php?rest_route=\/wp\/v2\/pages\/90\/revisions"}],"predecessor-version":[{"id":2613,"href":"https:\/\/bendicionyesperanza.es\/index.php?rest_route=\/wp\/v2\/pages\/90\/revisions\/2613"}],"wp:attachment":[{"href":"https:\/\/bendicionyesperanza.es\/index.php?rest_route=%2Fwp%2Fv2%2Fmedia&parent=90"}],"curies":[{"name":"wp","href":"https:\/\/api.w.org\/{rel}","templated":true}]}}

Ntro. Padre Jesús de la Bendición en el Santo Encuentro

<div data-elementor-type="wp-page" data-elementor-id="90" class="elementor elementor-90" data-elementor-post-type="page">
						<section class="elementor-section elementor-top-section elementor-element elementor-element-fa4989a elementor-section-boxed elementor-section-height-default elementor-section-height-default" data-id="fa4989a" data-element_type="section" data-e-type="section" data-settings="{&quot;background_background&quot;:&quot;classic&quot;}">
							<div class="elementor-background-overlay"></div>
							<div class="elementor-container elementor-column-gap-no">
					<div class="elementor-column elementor-col-100 elementor-top-column elementor-element elementor-element-afd89c8" data-id="afd89c8" data-element_type="column" data-e-type="column">
			<div class="elementor-widget-wrap elementor-element-populated">
						<div class="elementor-element elementor-element-4c40cc3 elementor-widget__width-initial elementor-invisible elementor-widget elementor-widget-heading" data-id="4c40cc3" data-element_type="widget" data-e-type="widget" data-settings="{&quot;_animation&quot;:&quot;fadeInDown&quot;}" data-widget_type="heading.default">
					<h2 class="elementor-heading-title elementor-size-default">Nuestro Padre Jesús de la Bendición en el Santo Entierro</h2>				</div>
					</div>
		</div>
					</div>
		</section>
				<section class="elementor-section elementor-top-section elementor-element elementor-element-37e236d elementor-section-full_width elementor-section-height-default elementor-section-height-default" data-id="37e236d" data-element_type="section" data-e-type="section">
						<div class="elementor-container elementor-column-gap-no">
					<div class="elementor-column elementor-col-100 elementor-top-column elementor-element elementor-element-cc43002" data-id="cc43002" data-element_type="column" data-e-type="column">
			<div class="elementor-widget-wrap elementor-element-populated">
						<section class="elementor-section elementor-inner-section elementor-element elementor-element-238aa5f elementor-section-full_width elementor-section-height-default elementor-section-height-default" data-id="238aa5f" data-element_type="section" data-e-type="section">
						<div class="elementor-container elementor-column-gap-no">
					<div class="elementor-column elementor-col-100 elementor-inner-column elementor-element elementor-element-f093423" data-id="f093423" data-element_type="column" data-e-type="column" data-settings="{&quot;background_background&quot;:&quot;classic&quot;}">
			<div class="elementor-widget-wrap elementor-element-populated">
					<div class="elementor-background-overlay"></div>
						<div class="elementor-element elementor-element-09eba5b elementor-widget elementor-widget-text-editor" data-id="09eba5b" data-element_type="widget" data-e-type="widget" data-widget_type="text-editor.default">
									<p style="text-align: center;"><span style="color: #000000; font-size: 16px;">El nazareno representa al Varón de Dolores en la Calle de la Amargura. Es una imagen de cuerpo entero, realizada en madera de cedro real. Mide 184 cm de altura y muestra las vestiduras superpuestas, de telas desgarradas, lo que permite ver gran parte del torso y el brazo derecho.<br /></span><span style="color: #000000; font-size: 16px;"><br />También ofrece como peculiaridad, dentro de los cánones actuales de la escuela sevillana, el hecho de portar una cruz de sección rectangular. Sujetando el crucero con su mano derecha, mientras que la izquierda se eleva hasta el remate del larguero, dejando ver una estampa inusual hoy en día.</span></p><div class="container"><div class="section content"><p style="text-align: center;"><span style="font-size: 16px; color: #000000;">La imagen es obra del imaginero <strong>Juan Antonio Blanco Ramos.</strong></span></p></div></div>								</div>
					</div>
		</div>
					</div>
		</section>
					</div>
		</div>
					</div>
		</section>
		<div class="elementor-element elementor-element-f5a172d e-con-full e-flex e-con e-parent" data-id="f5a172d" data-element_type="container" data-e-type="container">
				<div class="elementor-element elementor-element-4730360 elementor-widget elementor-widget-image" data-id="4730360" data-element_type="widget" data-e-type="widget" data-widget_type="image.default">
															<img fetchpriority="high" decoding="async" width="1362" height="2048" src="https://bendicionyesperanza.es/wp-content/uploads/2024/11/dsc_0248-1362x2048.webp" class="attachment-2048x2048 size-2048x2048 wp-image-342" alt="" srcset="https://bendicionyesperanza.es/wp-content/uploads/2024/11/dsc_0248-1362x2048.webp 1362w, https://bendicionyesperanza.es/wp-content/uploads/2024/11/dsc_0248-199x300.webp 199w, https://bendicionyesperanza.es/wp-content/uploads/2024/11/dsc_0248-681x1024.webp 681w, https://bendicionyesperanza.es/wp-content/uploads/2024/11/dsc_0248-768x1155.webp 768w, https://bendicionyesperanza.es/wp-content/uploads/2024/11/dsc_0248-1021x1536.webp 1021w, https://bendicionyesperanza.es/wp-content/uploads/2024/11/dsc_0248-scaled.webp 1702w" sizes="(max-width: 1362px) 100vw, 1362px" />															</div>
				</div>
				</div>

<p>Nuestro Padre Jesús de la Bendición en el Santo Entierro El nazareno representa al Varón de Dolores en la Calle [&hellip;]</p>
